{"id":16,"date":"2021-12-08T12:25:09","date_gmt":"2021-12-08T12:25:09","guid":{"rendered":"https:\/\/toukolanvihannestila.fi\/?page_id=16"},"modified":"2021-12-16T11:16:42","modified_gmt":"2021-12-16T11:16:42","slug":"blogi","status":"publish","type":"page","link":"https:\/\/toukolanvihannestila.fi\/","title":{"rendered":"Puhdasta l\u00e4hiruokaa Asikkalasta"},"content":{"rendered":"\n<p class=\"has-text-align-center\">Kasvukaudella viljelemme Asikkalassa, Kurhilan kyl\u00e4ss\u00e4 porkkanoita, sipuleita sek\u00e4 punajuuria, joita pakkaamme ja toimitamme itse l\u00e4hialueen kauppoihin elokuusta pitk\u00e4lle kev\u00e4\u00e4seen. Hoidamme kasvulohkoja tarkasti koko kasvukauden ja kokeilemme vuosittain maihimme soveltuvia ja asiakkaillemme maistuvia uusia lajikkeita. Sadonkorjuun j\u00e4lkeen varastoimme sadon tilan omiin l\u00e4mp\u00f6s\u00e4\u00e4deltyihin varastoihin ja kauppakunnostamme vihannekset huolella omassa pakkaamossamme. Haluamme, ett\u00e4 vihanneksemme eiv\u00e4t kuormita luontoa enemp\u00e4\u00e4 kuin on tarpeen. Pit\u00e4m\u00e4ll\u00e4 huolta ymp\u00e4rist\u00f6st\u00e4 pid\u00e4mme osaltamme huolta my\u00f6s itsest\u00e4mme ja asiakkaistamme.<\/p>\n\n\n\n<div class=\"wp-block-group\"><div class=\"wp-block-group__inner-container is-layout-flow wp-block-group-is-layout-flow\">\n<div class=\"wp-block-jetpack-slideshow aligncenter\" data-autoplay=\"true\" data-delay=\"3\" data-effect=\"slide\"><div class=\"wp-block-jetpack-slideshow_container swiper-container\"><ul class=\"wp-block-jetpack-slideshow_swiper-wrapper swiper-wrapper\"><li class=\"wp-block-jetpack-slideshow_slide swiper-slide\"><figure><img loading=\"lazy\" decoding=\"async\" width=\"2560\" height=\"1709\" alt=\"\" class=\"wp-block-jetpack-slideshow_image wp-image-57\" data-id=\"57\" src=\"https:\/\/toukolanvihannestila.fi\/wp-content\/uploads\/2021\/12\/DSC_4982-1-scaled.jpg\" srcset=\"https:\/\/toukolanvihannestila.fi\/wp-content\/uploads\/2021\/12\/DSC_4982-1-scaled.jpg 2560w, https:\/\/toukolanvihannestila.fi\/wp-content\/uploads\/2021\/12\/DSC_4982-1-300x200.jpg 300w, https:\/\/toukolanvihannestila.fi\/wp-content\/uploads\/2021\/12\/DSC_4982-1-1024x683.jpg 1024w, https:\/\/toukolanvihannestila.fi\/wp-content\/uploads\/2021\/12\/DSC_4982-1-768x513.jpg 768w, https:\/\/toukolanvihannestila.fi\/wp-content\/uploads\/2021\/12\/DSC_4982-1-1536x1025.jpg 1536w, https:\/\/toukolanvihannestila.fi\/wp-content\/uploads\/2021\/12\/DSC_4982-1-2048x1367.jpg 2048w, https:\/\/toukolanvihannestila.fi\/wp-content\/uploads\/2021\/12\/DSC_4982-1-2000x1335.jpg 2000w\" sizes=\"auto, (max-width: 2560px) 100vw, 2560px\" \/><\/figure><\/li><li class=\"wp-block-jetpack-slideshow_slide swiper-slide\"><figure><img loading=\"lazy\" decoding=\"async\" width=\"1266\" height=\"768\" alt=\"\" class=\"wp-block-jetpack-slideshow_image wp-image-78\" data-id=\"78\" src=\"https:\/\/toukolanvihannestila.fi\/wp-content\/uploads\/2021\/12\/Porkkanapelto1.jpg\" srcset=\"https:\/\/toukolanvihannestila.fi\/wp-content\/uploads\/2021\/12\/Porkkanapelto1.jpg 1266w, https:\/\/toukolanvihannestila.fi\/wp-content\/uploads\/2021\/12\/Porkkanapelto1-300x182.jpg 300w, https:\/\/toukolanvihannestila.fi\/wp-content\/uploads\/2021\/12\/Porkkanapelto1-1024x621.jpg 1024w, https:\/\/toukolanvihannestila.fi\/wp-content\/uploads\/2021\/12\/Porkkanapelto1-768x466.jpg 768w\" sizes=\"auto, (max-width: 1266px) 100vw, 1266px\" \/><\/figure><\/li><li class=\"wp-block-jetpack-slideshow_slide swiper-slide\"><figure><img loading=\"lazy\" decoding=\"async\" width=\"2560\" height=\"1709\" alt=\"\" class=\"wp-block-jetpack-slideshow_image wp-image-90\" data-id=\"90\" src=\"https:\/\/toukolanvihannestila.fi\/wp-content\/uploads\/2021\/12\/DSC_5030-scaled.jpg\" srcset=\"https:\/\/toukolanvihannestila.fi\/wp-content\/uploads\/2021\/12\/DSC_5030-scaled.jpg 2560w, https:\/\/toukolanvihannestila.fi\/wp-content\/uploads\/2021\/12\/DSC_5030-300x200.jpg 300w, https:\/\/toukolanvihannestila.fi\/wp-content\/uploads\/2021\/12\/DSC_5030-1024x683.jpg 1024w, https:\/\/toukolanvihannestila.fi\/wp-content\/uploads\/2021\/12\/DSC_5030-768x513.jpg 768w, https:\/\/toukolanvihannestila.fi\/wp-content\/uploads\/2021\/12\/DSC_5030-1536x1025.jpg 1536w, https:\/\/toukolanvihannestila.fi\/wp-content\/uploads\/2021\/12\/DSC_5030-2048x1367.jpg 2048w, https:\/\/toukolanvihannestila.fi\/wp-content\/uploads\/2021\/12\/DSC_5030-2000x1335.jpg 2000w\" sizes=\"auto, (max-width: 2560px) 100vw, 2560px\" \/><\/figure><\/li><li class=\"wp-block-jetpack-slideshow_slide swiper-slide\"><figure><img loading=\"lazy\" decoding=\"async\" width=\"2560\" height=\"1707\" alt=\"\" class=\"wp-block-jetpack-slideshow_image wp-image-91\" data-id=\"91\" src=\"https:\/\/toukolanvihannestila.fi\/wp-content\/uploads\/2021\/12\/Antti-ja-Anni-Toukola-scaled.jpg\" srcset=\"https:\/\/toukolanvihannestila.fi\/wp-content\/uploads\/2021\/12\/Antti-ja-Anni-Toukola-scaled.jpg 2560w, https:\/\/toukolanvihannestila.fi\/wp-content\/uploads\/2021\/12\/Antti-ja-Anni-Toukola-300x200.jpg 300w, https:\/\/toukolanvihannestila.fi\/wp-content\/uploads\/2021\/12\/Antti-ja-Anni-Toukola-1024x683.jpg 1024w, https:\/\/toukolanvihannestila.fi\/wp-content\/uploads\/2021\/12\/Antti-ja-Anni-Toukola-768x512.jpg 768w, https:\/\/toukolanvihannestila.fi\/wp-content\/uploads\/2021\/12\/Antti-ja-Anni-Toukola-1536x1024.jpg 1536w, https:\/\/toukolanvihannestila.fi\/wp-content\/uploads\/2021\/12\/Antti-ja-Anni-Toukola-2048x1365.jpg 2048w, https:\/\/toukolanvihannestila.fi\/wp-content\/uploads\/2021\/12\/Antti-ja-Anni-Toukola-2000x1333.jpg 2000w\" sizes=\"auto, (max-width: 2560px) 100vw, 2560px\" \/><\/figure><\/li><\/ul><a class=\"wp-block-jetpack-slideshow_button-prev swiper-button-prev swiper-button-white\" role=\"button\"><\/a><a class=\"wp-block-jetpack-slideshow_button-next swiper-button-next swiper-button-white\" role=\"button\"><\/a><a aria-label=\"Pause Slideshow\" class=\"wp-block-jetpack-slideshow_button-pause\" role=\"button\"><\/a><div class=\"wp-block-jetpack-slideshow_pagination swiper-pagination swiper-pagination-white\"><\/div><\/div><\/div>\n<\/div><\/div>\n\n\n\n<p><\/p>\n\n\n\n<p> <\/p>\n\n\n\n<figure class=\"wp-block-image size-large\"><img loading=\"lazy\" decoding=\"async\" width=\"1024\" height=\"683\" src=\"https:\/\/toukolanvihannestila.fi\/wp-content\/uploads\/2021\/12\/Antti-Toukola-1-1024x683.jpg\" alt=\"\" class=\"wp-image-66\" srcset=\"https:\/\/toukolanvihannestila.fi\/wp-content\/uploads\/2021\/12\/Antti-Toukola-1-1024x683.jpg 1024w, https:\/\/toukolanvihannestila.fi\/wp-content\/uploads\/2021\/12\/Antti-Toukola-1-300x200.jpg 300w, https:\/\/toukolanvihannestila.fi\/wp-content\/uploads\/2021\/12\/Antti-Toukola-1-768x513.jpg 768w, https:\/\/toukolanvihannestila.fi\/wp-content\/uploads\/2021\/12\/Antti-Toukola-1-1536x1025.jpg 1536w, https:\/\/toukolanvihannestila.fi\/wp-content\/uploads\/2021\/12\/Antti-Toukola-1.jpg 1840w\" sizes=\"auto, (max-width: 1024px) 100vw, 1024px\" \/><figcaption>Vuodesta 2019 Toukolan Vihannestilan yritt\u00e4j\u00e4n\u00e4 on toiminut Antti Toukola.<\/figcaption><\/figure>\n","protected":false},"excerpt":{"rendered":"<p>Kasvukaudella viljelemme Asikkalassa, Kurhilan kyl\u00e4ss\u00e4 porkkanoita, sipuleita sek\u00e4 punajuuria, joita pakkaamme ja toimitamme itse l\u00e4hialueen kauppoihin elokuusta pitk\u00e4lle kev\u00e4\u00e4seen. Hoidamme kasvulohkoja tarkasti koko kasvukauden ja kokeilemme vuosittain maihimme soveltuvia ja asiakkaillemme maistuvia uusia lajikkeita. Sadonkorjuun j\u00e4lkeen varastoimme sadon tilan omiin l\u00e4mp\u00f6s\u00e4\u00e4deltyihin varastoihin ja kauppakunnostamme vihannekset huolella omassa pakkaamossamme. Haluamme, ett\u00e4 vihanneksemme eiv\u00e4t kuormita luontoa enemp\u00e4\u00e4 &hellip; <\/p>\n<p class=\"link-more\"><a href=\"https:\/\/toukolanvihannestila.fi\/\" class=\"more-link\">Read more<span class=\"screen-reader-text\"> &#8221;Puhdasta l\u00e4hiruokaa Asikkalasta&#8221;<\/span><\/a><\/p>\n","protected":false},"author":1,"featured_media":0,"parent":0,"menu_order":0,"comment_status":"closed","ping_status":"closed","template":"","meta":{"spay_email":"","footnotes":""},"class_list":["post-16","page","type-page","status-publish","hentry"],"_links":{"self":[{"href":"https:\/\/toukolanvihannestila.fi\/index.php?rest_route=\/wp\/v2\/pages\/16","targetHints":{"allow":["GET"]}}],"collection":[{"href":"https:\/\/toukolanvihannestila.fi\/index.php?rest_route=\/wp\/v2\/pages"}],"about":[{"href":"https:\/\/toukolanvihannestila.fi\/index.php?rest_route=\/wp\/v2\/types\/page"}],"author":[{"embeddable":true,"href":"https:\/\/toukolanvihannestila.fi\/index.php?rest_route=\/wp\/v2\/users\/1"}],"replies":[{"embeddable":true,"href":"https:\/\/toukolanvihannestila.fi\/index.php?rest_route=%2Fwp%2Fv2%2Fcomments&post=16"}],"version-history":[{"count":8,"href":"https:\/\/toukolanvihannestila.fi\/index.php?rest_route=\/wp\/v2\/pages\/16\/revisions"}],"predecessor-version":[{"id":97,"href":"https:\/\/toukolanvihannestila.fi\/index.php?rest_route=\/wp\/v2\/pages\/16\/revisions\/97"}],"wp:attachment":[{"href":"https:\/\/toukolanvihannestila.fi\/index.php?rest_route=%2Fwp%2Fv2%2Fmedia&parent=16"}],"curies":[{"name":"wp","href":"https:\/\/api.w.org\/{rel}","templated":true}]}}